-14)?
2
Let k(o) = -170*o + 254. Determine k(1).
84
Let n(g) = -2*g**3 + 14*g**2 + 21*g - 117. Give n(8).
-77
Let k(d) = -14*d**2 - 79*d + 416. Give k(6).
-562
Let u(s) = 8*s + 86. Give u(-7).
30
Let t(x) = x**3 - 14*x**2 - 70*x + 22. Determine t(-6).
-278
Let l(u) = -4*u - 51. Give l(4).
-67
Let i(c) = -159*c + 5719. Determine i(36).
-5
Let k(h) = -240*h + 14365. What is k(60)?
-35
Let r(t) = -6*t**2 - 65*t - 227. What is r(-6)?
-53
Let i(o) = -o**3 + 33*o**2 - 243*o + 25. Give i(22).
3
Let m(j) = 8*j**2 - 81*j + 135. What is m(2)?
5
Let y(a) = 445*a - 35153. Determine y(79).
2
Let n(q) = 4*q**3 - 17*q**2 - 20*q + 31. Give n(5).
6
Let z(d) = -d**3 - 46*d**2 - 168*d - 13. Give z(-42).
-13
Let c(t) = 7*t**2 - 47*t - 124. Calculate c(10).
106
Let g(h) = 781*h - 4574. Give g(6).
112
Let f(i) = -i**2 - 3*i + 330. What is f(-19)?
26
Let j(n) = 2*n**3 + 9*n**2 + 50*n + 119. Calculate j(-3).
-4
Let v(l) = l**2 - 34*l - 263. What is v(-9)?
124
Let f(k) = k**3 + 8*k**2 + 18*k + 8. Determine f(-5).
-7
Let i(j) = j**3 + 41*j**2 + 115*j - 10. Determine i(-38).
-48
Let h(p) = -p**3 - 23*p**2 - 209*p - 2521. Calculate h(-19).
6
Let t(j) = -5*j + 195. Calculate t(18).
105
Let a(m) = 58*m - 32. Give a(-3).
-206
Let n(j) = -43*j + 1208. Give n(28).
4
Let j(c) = -2*c**3 - 96*c**2 - 13*c - 626. Calculate j(-48).
-2
Let f(r) = r**2 - 18*r - 143. Determine f(19).
-124
Let l(i) = -2*i**2 - 159*i - 235. What is l(-78)?
-1
Let u(l) = -46*l + 1009. Determine u(22).
-3
Let w(h) = -h**2 + 28*h - 42. Determine w(23).
73
Let c(x) = 2*x**3 + 24*x**2 - 63*x + 30. Determine c(-14).
128
Let m(x) = x**3 - 41*x**2 + 28*x + 19. What is m(40)?
-461
Let l(q) = -449*q + 69146. What is l(154)?
0
Let x(p) = -3035*p + 9103. Calculate x(3).
-2
Let k(s) = -709*s + 21980. Calculate k(31).
1
Let l(s) = -s**3 - 4*s**2 - s - 28. Give l(5).
-258
Let i(w) = 243*w + 12629. Give i(-52).
-7
Let a(y) = 878*y - 804. Calculate a(1).
74
Let p(f) = f**2 - f - 23. What is p(17)?
249
Let t(u) = -87*u - 180. Determine t(-2).
-6
Let v(q) = -123*q - 3461. Give v(-28).
-17
Let w(a) = a**3 + 5*a**2 - 6*a + 55. Determine w(-7).
-1
Let p(f) = -639*f**2 - 11*f + 3. What is p(1)?
-647
Let s(h) = h**2 - 22*h - 207. Give s(-7).
-4
Let s(w) = -w**3 - 3*w**2 - 94*w - 190. Give s(-2).
-6
Let j(g) = -19*g - 156. What is j(-10)?
34
Let w(f) = -491*f**2 - 26513*f + 57. Calculate w(-54).
3
Let x(v) = -25*v**2 - 14*v - 27. Determine x(-3).
-210
Let i(n) = 14*n - 292. What is i(16)?
-68
Let r(q) = 2*q**3 - 54*q**2 + 54*q + 56. Determine r(26).
108
Let i(u) = u**3 - 67*u**2 + 296*u - 2743. Give i(63).
29
Let g(z) = -z**2 + 113*z + 3108. Calculate g(-23).
-20
Let i(s) = -s**3 + 7*s**2 + 24*s + 34. What is i(9)?
88
Let p(q) = 2*q**2 - 56*q + 222. Give p(23).
-8
Let c(r) = -r**2 + 1140*r - 51366. Give c(47).
5
Let p(g) = -g**3 + 37*g**2 + 31*g - 100. Give p(38).
-366
Let o(a) = -246*a + 609. Determine o(3).
-129
Let r(a) = 18*a**3 - 3*a**2 + a - 7. Calculate r(3).
455
Let k(t) = -671*t - 4020. What is k(-6)?
6
Let g(o) = -40*o - 29. Calculate g(-2).
51
Let q(u) = 125*u + 805. Give q(-11).
-570
Let d(h) = 7*h**2 - 77*h - 4. Determine d(11).
-4
Let d(b) = -b**3 - 16*b**2 - 96*b - 1931. Determine d(-17).
-10
Let c(n) = 79*n - 738. Calculate c(9).
-27
Let r(k) = 1097*k - 6648. Calculate r(6).
-66
Let v(i) = i**3 + 2*i**2 - 14*i - 19. Calculate v(-4).
5
Let y(d) = -6*d**2 + 25*d + 48. Determine y(5).
23
Let k(o) = -o**3 - 13*o**2 - 12*o + 12. Determine k(-6).
-168
Let k(a) = -a**2 - 24*a - 189. Determine k(-30).
-369
Let t(a) = -3801*a - 3812. Give t(-1).
-11
Let q(z) = -z**3 - 134*z**2 + 274*z + 273. What is q(-136)?
1
Let c(d) = 2*d**2 - 53*d - 580. Give c(35).
15
Let w(k) = 13*k + 1373. Give w(-104).
21
Let u(k) = 2711*k - 10848. Calculate u(4).
-4
Let p(u) = -5*u**2 - 194*u - 36. What is p(-40)?
-276
Let d(o) = -2180*o + 10900. Determine d(5).
0
Let g(t) = t**2 + 27*t - 128. Determine g(-32).
32
Let k(n) = -2*n**3 - 13*n**2 + 8*n + 9. Calculate k(-7).
2
Let t(y) = 2*y**2 - 17*y - 114. Determine t(13).
3
Let d(x) = -2*x**3 - 71*x**2 - 50*x - 522. Give d(-35).
3
Let a(w) = -w**3 - 14*w**2 + 148*w + 23. Determine a(-21).
2
Let h(q) = 3*q**2 - 48*q + 169. Determine h(4).
25
Let j(u) = 24*u**3 + 2*u**2 - 14*u + 35. Determine j(2).
207
Let b(o) = 5*o**2 + 27*o + 16. Determine b(-6).
34
Let j(a) = 2*a**2 + 14*a - 836. Determine j(-24).
-20
Let f(w) = -721*w - 2162. Determine f(-3).
1
Let k(u) = u**3 - 50*u**2 - 40*u - 223. Determine k(51).
338
Let w(m) = -71*m**2 + 747*m + 343. Calculate w(11).
-31
Let a(c) = -85*c + 21671. What is a(255)?
-4
Let t(f) = -f**2 + 479*f - 12206. Give t(27).
-2
Let t(d) = d**2 - 83*d + 1641. Give t(47).
-51
Let h(p) = -31*p**3 - 6*p**2 - 33*p + 121. Calculate h(3).
-869
Let z(c) = 3*c**2 - 70*c + 334. Determine z(6).
22
Let o(q) = -q**3 + 10*q**2 - 8*q - 86. What is o(7)?
5
Let i(u) = -16*u - 1660. Determine i(-112).
132
Let f(b) = -9*b + 119. What is f(14)?
-7
Let r(v) = 8*v - 149. Give r(12).
-53
Let l(i) = 156*i - 3605. Calculate l(23).
-17
Let c(z) = 2*z**3 + 8*z - 38. Give c(3).
40
Let b(k) = 429*k + 22726. What is b(-53)?
-11
Let w(u) = u**3 - 15*u**2 + 30*u + 55. Determine w(12).
-17
Let g(z) = -z**3 + 16*z**2 - 81*z + 238. Calculate g(10).
28
Let i(j) = 714*j - 16423. Determine i(23).
-1
Let u(l) = 334*l - 134263. Determine u(402).
5
Let o(b) = -b**3 + 2*b**2 + 27*b - 37. What is o(6)?
-19
Let s(o) = 2*o**3 + 28*o**2 - 88*o + 237. What is s(-17)?
-1
Let i(h) = -h**2 - 93*h - 352. Determine i(-4).
4
Let f(h) = -22*h - 393. Determine f(-17).
-19
Let t(z) = -z**3 - 44*z - 343. Determine t(-5).
2
Let b(r) = r**3 - 64*r**2 - 739*r + 58. Determine b(74).
132
Let j(s) = -s**2 + 30*s + 28. Calculate j(32).
-36
Let j(b) = b**3 - 13*b**2 - 2*b + 37. Calculate j(13).
11
Let y(z) = -149*z**2 + 6*z + 1. Calculate y(1).
-142
Let m(v) = 2*v**3 + 115*v**2 + 70*v + 765. Give m(-57).
24
Let t(z) = 10*z**2 - 89*z - 30. Give t(9).
-21
Let k(o) = o**3 - 333*o**2 - 1338*o - 3371. Give k(337).
-1
Let y(a) = -a**2 - 85*a - 1784. Calculate y(-39).
10
Let r(a) = -a**2 - 988*a - 3939. What is r(-4)?
-3
Let b(d) = d - 68. Determine b(15).
-53
Let s(b) = -b**2 - 12*b + 253. Determine s(-22).
33
Let g(v) = 9*v - 69. Give g(8).
3
Let p(f) = -11*f - 166. What is p(-21)?
65
Let k(h) = -239*h - 2864. Give k(-12).
4
Let r(v) = v**2 - 95*v + 1009. Determine r(12).
13
Let t(d) = d**3 - 27*d**2 + 43*d - 426. Determine t(26).
16
Let d(f) = f**3 + 17*f**2 + 30*f - 5. Calculate d(-15).
-5
Let c(r) = -5*r**2 + 82*r - 216. Determine c(9).
117
Let o(c) = -63*c**2 - c + 4. What is o(-3)?
-560
Let h(n) = -n**2 + 5472*n - 38255. What is h(7)?
0
Let w(n) = -3*n**2 + 79*n - 398. Determine w(7).
8
Let w(o) = -160*o + 5899. Determine w(37).
-21
Let m(u) = -13*u**2 - 2*u + 132. Determine m(6).
-348
Let k(d) = 1483*d + 8887. Give k(-6).
-11
Let t(m) = 2*m**2 + 82*m + 78. Calculate t(-39).
-78
Let l(m) = 69*m**2 + 17*m + 31. Give l(-2).
273
Let o(g) = -3*g**3 - 214*g**2 + 141*g - 195. What is o(-72)?
21
Let j(i) = 2*i**2 - 69*i - 9. Determine j(0).
-9
Let u(a) = 124*a**3 + 2*a**2 - 2. Give u(1).
124
Let r(p) = 3*p**2 - 327*p + 1278. Give r(4).
18
Let t(f) = -f**2 + 9*f - 76. Calculate t(6).
-58
Let w(s) = s**3 - 63*s**2 - 171*s + 6823. What is w(64)?
-25
Let c(j) = 265*j + 23. Calculate c(-1).
-242
Let p(t) = -t**3 + 12*t**2 - 12*t + 269. Give p(13).
-56
Let r(j) = j**3 - 22*j**2 - 572*j + 12566. Give r(22).
-18
Let p(c) = c**2 + 30*c - 214. Calculate p(7).
45
Let z(m) = -2*m**3 - 25*m**2 + 48*m - 3. Calculate z(-14).
-87
Let p(f) = f**2 - 14*f + 39. Calculate p(13).
26
Let y(d) = -1169*d - 226786. Give y(-194).
0
Let o(p) = -23*p + 10. Calculate o(-11).
263
Let b(x) = 262*x - 1831. Determine b(7).
3
Let z(c) = -183*c + 4797. Determine z(26).
39
Let c(d) = -78*d**2 + 7*d - 6. Calculate c(1).
-77
Let w(l) = -l**2 - 9*l + 229. Give w(12).
-23
Let b(x) = -x**2 - 34*x - 121. Determine b(-30).
-1
Let w(f) = f**3 + 2*f**2 + 3*f + 16. What is w(0)?
16
Let d(v) = 7*v**2 - 34*v + 7. Give d(2).
-33
Let t(u) = -u**2 + 529*u - 42235. Calculate t(98).
3
Let i(r) = -111*r - 1564. What is i(-14)?
-10
Let p(j) = 3*j + 42. What is p(-17)?
-9
Let g(j) = j**2 - 8*j - 61. What is g(-7)?
44
Let d(w) = -3*w**2 - 65*w + 16. Calculate d(-22).
-6
Let k(o) = o**2 + 25*o